{"id":378,"date":"2025-12-16T09:13:50","date_gmt":"2025-12-16T08:13:50","guid":{"rendered":"https:\/\/yann-hadancourt.fr\/?post_type=product&#038;p=378"},"modified":"2025-12-16T09:13:50","modified_gmt":"2025-12-16T08:13:50","slug":"les-mysteres-caches-dune-fleur-nocturne","status":"publish","type":"product","link":"https:\/\/yann-hadancourt.fr\/index.php\/produit\/les-mysteres-caches-dune-fleur-nocturne\/","title":{"rendered":"Les myst\u00e8res cach\u00e9s d&rsquo;une fleur nocturne"},"content":{"rendered":"<p><span class=\"a_GcMg font-feature-liga-off font-feature-clig-off font-feature-calt-off text-decoration-none text-strikethrough-none\">Dans un village fig\u00e9 par le silence, une fleur nocturne s\u2019ouvre chaque nuit, lib\u00e9rant les secrets enfouis de la m\u00e9moire collective. \u00c0 la crois\u00e9e du roman, du po\u00e8me et du th\u00e9\u00e2tre int\u00e9rieur,\u00a0<\/span><span class=\"a_GcMg font-feature-liga-off font-feature-clig-off font-feature-calt-off text-decoration-none text-strikethrough-none\">Les myst\u00e8res cach\u00e9s d\u2019une fleur nocturne<\/span><span class=\"a_GcMg font-feature-liga-off font-feature-clig-off font-feature-calt-off text-decoration-none text-strikethrough-none\">\u00a0fait vibrer l\u2019invisible, l\u2019absence, la pr\u00e9sence, la faille intime. Chaque page est une veille, chaque image un souvenir qui palpite. Un r\u00e9cit sensoriel et envo\u00fbtant, o\u00f9 le calme devient drame et le myst\u00e8re, une r\u00e9v\u00e9lation.<\/span><\/p>\n<p>&nbsp;<\/p>\n<p>&nbsp;<\/p>\n<p>&nbsp;<\/p>\n<p><em><strong>Yann S.L.<\/strong>\u00a0<\/em>veille dans le brouillard, l\u00e0 o\u00f9 chaque silence prend forme et chaque geste devient passage. Install\u00e9 \u00e0 Vesly, il tisse des univers hybrides o\u00f9 le code dialogue avec la po\u00e9sie et la bande dessin\u00e9e devient \u00e9cho de l\u2019\u00e2me. Fascin\u00e9 par l\u2019inexplicable, il explore les zones floues de la m\u00e9moire et des identit\u00e9s en mouvement.Sa plume ne raconte pas : elle m\u00e9tamorphose. Entre vertige et lucidit\u00e9, elle ouvre des mondes o\u00f9 l\u2019\u00e9vasion d\u00e9range, o\u00f9 la beaut\u00e9 se r\u00e9v\u00e8le dans le trouble, et o\u00f9 chaque mot devient r\u00e9v\u00e9lation.<\/p>\n","protected":false},"excerpt":{"rendered":"[contact-form][contact-field label=\"Nom\" type=\"name\"  required=\"true\" \/][contact-field label=\"E-mail\" type=\"email\" required=\"true\" \/][contact-field label=\"Site web\" type=\"url\" \/][contact-field label=\"Message\" type=\"textarea\" \/][\/contact-form]\n","protected":false},"featured_media":379,"comment_status":"open","ping_status":"closed","template":"","meta":{"neve_meta_sidebar":"","neve_meta_container":"","neve_meta_enable_content_width":"on","neve_meta_content_width":100,"neve_meta_title_alignment":"","neve_meta_author_avatar":"","neve_post_elements_order":"","neve_meta_disable_header":"","neve_meta_disable_footer":"","neve_meta_disable_title":"","jetpack_publicize_message":"","jetpack_publicize_feature_enabled":true,"jetpack_social_post_already_shared":true,"jetpack_social_options":{"image_generator_settings":{"template":"highway","default_image_id":0,"font":"","enabled":false},"version":2}},"product_brand":[],"product_cat":[24],"product_tag":[],"class_list":{"0":"post-378","1":"product","2":"type-product","3":"status-publish","4":"has-post-thumbnail","6":"product_cat-livre","8":"first","9":"instock","10":"purchasable","11":"product-type-simple"},"jetpack_publicize_connections":[],"jetpack_sharing_enabled":true,"_links":{"self":[{"href":"https:\/\/yann-hadancourt.fr\/index.php\/wp-json\/wp\/v2\/product\/378","targetHints":{"allow":["GET"]}}],"collection":[{"href":"https:\/\/yann-hadancourt.fr\/index.php\/wp-json\/wp\/v2\/product"}],"about":[{"href":"https:\/\/yann-hadancourt.fr\/index.php\/wp-json\/wp\/v2\/types\/product"}],"replies":[{"embeddable":true,"href":"https:\/\/yann-hadancourt.fr\/index.php\/wp-json\/wp\/v2\/comments?post=378"}],"wp:featuredmedia":[{"embeddable":true,"href":"https:\/\/yann-hadancourt.fr\/index.php\/wp-json\/wp\/v2\/media\/379"}],"wp:attachment":[{"href":"https:\/\/yann-hadancourt.fr\/index.php\/wp-json\/wp\/v2\/media?parent=378"}],"wp:term":[{"taxonomy":"product_brand","embeddable":true,"href":"https:\/\/yann-hadancourt.fr\/index.php\/wp-json\/wp\/v2\/product_brand?post=378"},{"taxonomy":"product_cat","embeddable":true,"href":"https:\/\/yann-hadancourt.fr\/index.php\/wp-json\/wp\/v2\/product_cat?post=378"},{"taxonomy":"product_tag","embeddable":true,"href":"https:\/\/yann-hadancourt.fr\/index.php\/wp-json\/wp\/v2\/product_tag?post=378"}],"curies":[{"name":"wp","href":"https:\/\/api.w.org\/{rel}","templated":true}]}}