{"id":154,"date":"2025-04-19T09:34:25","date_gmt":"2025-04-19T07:34:25","guid":{"rendered":"https:\/\/yann-hadancourt.fr\/?post_type=product&#038;p=154"},"modified":"2025-08-13T18:16:47","modified_gmt":"2025-08-13T16:16:47","slug":"bootstrap-4-pour-lintegrateur-web","status":"publish","type":"product","link":"https:\/\/yann-hadancourt.fr\/index.php\/produit\/bootstrap-4-pour-lintegrateur-web\/","title":{"rendered":"bootstrap 4 Pour l&rsquo;int\u00e9grateur web"},"content":{"rendered":"<p>Bootstrap est un environnement de conception de site web, un framework en anglais. Il facilite l&rsquo;utilisation des r\u00e8gles CSS pour concevoir des sites web modernes, attractifs et adaptatifs (Responsive Web Design). Ce livre s&rsquo;adresse \u00e0 tous les concepteurs de site web connaissant d\u00e9j\u00e0 l&rsquo;HTML et les CSS, d\u00e9sirant travailler efficacement et d\u00e9marrer sur des bases solides. Il a \u00e9t\u00e9 r\u00e9dig\u00e9 avec la version 4.3 de Bootstrap.<\/p>\n<p>Vous commencerez par apprendre \u00e0 installer Bootstrap selon plusieurs m\u00e9thodes en fonction de l&rsquo;objectif de vos projets de d\u00e9veloppement web.<\/p>\n<p>Ensuite, vous apprendrez les techniques de mise en page de Bootstrap qui sont bas\u00e9es sur le module CSS3 Flexbox, pour concevoir des sites Responsive Web Design dont l&rsquo;affichage s&rsquo;adaptera automatiquement selon l&rsquo;\u00e9cran de diffusion (\u00e9cran d&rsquo;ordinateur, tablette ou smartphone).<\/p>\n<p>Vous exploiterez les diff\u00e9rents composants CSS Bootstrap afin d&rsquo;optimiser vos pages web : pour le texte, les images, les tableaux, les formulaires, les composants d&rsquo;interface et les boutons.<\/p>\n<p>Deux chapitres sont consacr\u00e9s \u00e0 la navigation, avec l&rsquo;utilisation des barres et des menus de navigation.<\/p>\n<p>Vous \u00e9tudierez des exemples d&rsquo;utilisation de r\u00e8gles CSS qui vont vous permettre de mettre en forme des \u00e9l\u00e9ments d&rsquo;interface comme des bordures, des jeux de couleurs, des flottements, des marges et remplissages&#8230;<\/p>\n<p>Ce livre se termine par l&rsquo;analyse de deux templates Bootstrap qui vous donneront des bases solides pour d\u00e9marrer la conception de vos pages web.<\/p>\n","protected":false},"excerpt":{"rendered":"<p>Bootstrap est un environnement de conception de site web, un framework en anglais. Il facilite l&rsquo;utilisation des r\u00e8gles CSS pour concevoir des sites web modernes, attractifs et adaptatifs (Responsive Web Design). Ce livre s&rsquo;adresse \u00e0 tous les concepteurs de site web connaissant d\u00e9j\u00e0 l&rsquo;HTML et les CSS, d\u00e9sirant travailler efficacement et d\u00e9marrer sur des bases&hellip;&nbsp;<a href=\"https:\/\/yann-hadancourt.fr\/index.php\/produit\/bootstrap-4-pour-lintegrateur-web\/\" rel=\"bookmark\"><span class=\"screen-reader-text\">bootstrap 4 Pour l&rsquo;int\u00e9grateur web<\/span><\/a><\/p>\n","protected":false},"featured_media":325,"comment_status":"open","ping_status":"closed","template":"","meta":{"neve_meta_sidebar":"","neve_meta_container":"","neve_meta_enable_content_width":"","neve_meta_content_width":0,"neve_meta_title_alignment":"","neve_meta_author_avatar":"","neve_post_elements_order":"","neve_meta_disable_header":"","neve_meta_disable_footer":"","neve_meta_disable_title":"","jetpack_publicize_message":"","jetpack_publicize_feature_enabled":true,"jetpack_social_post_already_shared":false,"jetpack_social_options":{"image_generator_settings":{"template":"highway","default_image_id":0,"font":"","enabled":false},"version":2}},"product_brand":[],"product_cat":[18],"product_tag":[],"class_list":{"0":"post-154","1":"product","2":"type-product","3":"status-publish","4":"has-post-thumbnail","6":"product_cat-non-classe","8":"first","9":"instock","10":"taxable","11":"shipping-taxable","12":"purchasable","13":"product-type-simple"},"jetpack_publicize_connections":[],"jetpack_sharing_enabled":true,"_links":{"self":[{"href":"https:\/\/yann-hadancourt.fr\/index.php\/wp-json\/wp\/v2\/product\/154","targetHints":{"allow":["GET"]}}],"collection":[{"href":"https:\/\/yann-hadancourt.fr\/index.php\/wp-json\/wp\/v2\/product"}],"about":[{"href":"https:\/\/yann-hadancourt.fr\/index.php\/wp-json\/wp\/v2\/types\/product"}],"replies":[{"embeddable":true,"href":"https:\/\/yann-hadancourt.fr\/index.php\/wp-json\/wp\/v2\/comments?post=154"}],"wp:featuredmedia":[{"embeddable":true,"href":"https:\/\/yann-hadancourt.fr\/index.php\/wp-json\/wp\/v2\/media\/325"}],"wp:attachment":[{"href":"https:\/\/yann-hadancourt.fr\/index.php\/wp-json\/wp\/v2\/media?parent=154"}],"wp:term":[{"taxonomy":"product_brand","embeddable":true,"href":"https:\/\/yann-hadancourt.fr\/index.php\/wp-json\/wp\/v2\/product_brand?post=154"},{"taxonomy":"product_cat","embeddable":true,"href":"https:\/\/yann-hadancourt.fr\/index.php\/wp-json\/wp\/v2\/product_cat?post=154"},{"taxonomy":"product_tag","embeddable":true,"href":"https:\/\/yann-hadancourt.fr\/index.php\/wp-json\/wp\/v2\/product_tag?post=154"}],"curies":[{"name":"wp","href":"https:\/\/api.w.org\/{rel}","templated":true}]}}